{"id":991,"date":"2023-11-29T15:11:38","date_gmt":"2023-11-29T14:11:38","guid":{"rendered":"https:\/\/lehners-barbian.de\/?page_id=991"},"modified":"2024-11-19T10:06:34","modified_gmt":"2024-11-19T09:06:34","slug":"denkmalgeschuetze-sanierung","status":"publish","type":"page","link":"https:\/\/lehners-barbian.de\/?page_id=991","title":{"rendered":""},"content":{"rendered":"\n<div class=\"wp-block-cover alignfull has-custom-content-position is-position-bottom-left\" style=\"min-height:100vh;aspect-ratio:unset;\"><span aria-hidden=\"true\" class=\"wp-block-cover__background has-background-dim-20 has-background-dim\" style=\"background-color:#777d86\"><\/span><img loading=\"lazy\" decoding=\"async\" width=\"2048\" height=\"1536\" class=\"wp-block-cover__image-background wp-image-994\" alt=\"\" src=\"https:\/\/lehners-barbian.de\/wp-content\/uploads\/2023\/11\/e3c8bdbc5dc3209be311b06c8eb74558_1-2.jpg\" data-object-fit=\"cover\" srcset=\"https:\/\/lehners-barbian.de\/wp-content\/uploads\/2023\/11\/e3c8bdbc5dc3209be311b06c8eb74558_1-2.jpg 2048w, https:\/\/lehners-barbian.de\/wp-content\/uploads\/2023\/11\/e3c8bdbc5dc3209be311b06c8eb74558_1-2-300x225.jpg 300w, https:\/\/lehners-barbian.de\/wp-content\/uploads\/2023\/11\/e3c8bdbc5dc3209be311b06c8eb74558_1-2-1024x768.jpg 1024w, https:\/\/lehners-barbian.de\/wp-content\/uploads\/2023\/11\/e3c8bdbc5dc3209be311b06c8eb74558_1-2-2000x1500.jpg 2000w\" sizes=\"auto, (max-width: 2048px) 100vw, 2048px\" \/><div class=\"wp-block-cover__inner-container is-layout-flow wp-block-cover-is-layout-flow\">\n<div style=\"height:71px\" aria-hidden=\"true\" class=\"wp-block-spacer\"><\/div>\n\n\n\n<div class=\"wp-block-buttons is-content-justification-center is-layout-flex wp-container-core-buttons-is-layout-a89b3969 wp-block-buttons-is-layout-flex\"><\/div>\n\n\n\n<p class=\"has-text-align-left has-white-color has-text-color\" style=\"font-size:clamp(37.821px, 2.364rem + ((1vw - 3.2px) * 3.352), 70px);font-style:normal;font-weight:900\"><strong>Kompressorenhalle<\/strong><\/p>\n\n\n\n<p class=\"has-text-align-left has-white-color has-text-color has-medium-font-size\" style=\"letter-spacing:1px\">Quierschied &#8211; Umnutzung Kompressorenhalle<\/p>\n<\/div><\/div>\n\n\n\n<div class=\"wp-block-columns is-layout-flex wp-container-core-columns-is-layout-28f84493 wp-block-columns-is-layout-flex\">\n<div class=\"wp-block-column is-layout-flow wp-block-column-is-layout-flow\">\n<h2 class=\"wp-block-heading has-text-color has-link-color has-small-font-size wp-elements-668780abbe4f2b8d26b160bc2c1bad5b\" style=\"color:#56a3d3;margin-top:0;margin-right:0;margin-bottom:0;margin-left:0;padding-top:0;padding-right:0;padding-bottom:0;padding-left:0;font-style:normal;font-weight:300\">Denkmalgesch\u00fctzte Sanierung<\/h2>\n\n\n\n<p class=\"has-large-font-size\" style=\"font-style:normal;font-weight:300\">Kompressorenhalle G\u00f6ttelborn<\/p>\n<\/div>\n\n\n\n<div class=\"wp-block-column is-layout-flow wp-block-column-is-layout-flow\">\n<p class=\"has-text-align-left\" style=\"font-style:normal;font-weight:200\">D<\/p>\n\n\n\n<div class=\"wp-block-group has-global-padding is-layout-constrained wp-block-group-is-layout-constrained\">\n<p class=\"has-text-align-left has-text-color has-link-color wp-elements-ced70f56438115548577a9962d84be60\" style=\"color:#56a3d3;font-style:normal;font-weight:300\">Projekt: Denkmalgesch\u00fctzte Sanierung<br>Standort: G\u00f6ttelborn<br>Baubeginn: 2004<br>Fertigstellung:\u00a02007<br>Status: Fertiggestellt<\/p>\n<\/div>\n<\/div>\n<\/div>\n\n\n\n<div class=\"wp-block-columns is-layout-flex wp-container-core-columns-is-layout-28f84493 wp-block-columns-is-layout-flex\">\n<div class=\"wp-block-column is-layout-flow wp-block-column-is-layout-flow\" style=\"flex-basis:100%\"><\/div>\n<\/div>\n\n\n<div id=\"metaslider-id-1359\" style=\"width: 100%;\" class=\"ml-slider-3-98-0 metaslider metaslider-flex metaslider-1359 ml-slider ms-theme-default-base has-dots-nav\" role=\"region\" aria-roledescription=\"Slideshow\" aria-label=\"Kompressorenhalle\" data-width=\"700\">\n    <div id=\"metaslider_container_1359\">\n        <div id=\"metaslider_1359\">\n            <ul class='slides'>\n                <li style=\"display: block; width: 100%;\" class=\"slide-1360 ms-image \" aria-roledescription=\"slide\" aria-label=\"slide-1360\" data-date=\"2024-11-19 10:01:57\"><img loading=\"lazy\" decoding=\"async\" src=\"https:\/\/lehners-barbian.de\/wp-content\/uploads\/2023\/11\/1bf4676970ef3cdb1bbcee2ff37a514c_1-2-700x500.jpg\" height=\"500\" width=\"700\" alt=\"\" class=\"slider-1359 slide-1360\" title=\"1bf4676970ef3cdb1bbcee2ff37a514c_1-2\" \/><\/li>\n                <li style=\"display: none; width: 100%;\" class=\"slide-1361 ms-image \" aria-roledescription=\"slide\" aria-label=\"slide-1361\" data-date=\"2024-11-19 10:01:58\"><img loading=\"lazy\" decoding=\"async\" src=\"https:\/\/lehners-barbian.de\/wp-content\/uploads\/2023\/11\/b8954390e7ce2e738f2788d32651faaa_1-2-700x500.jpg\" height=\"500\" width=\"700\" alt=\"\" class=\"slider-1359 slide-1361\" title=\"b8954390e7ce2e738f2788d32651faaa_1-2\" \/><\/li>\n                <li style=\"display: none; width: 100%;\" class=\"slide-1362 ms-image \" aria-roledescription=\"slide\" aria-label=\"slide-1362\" data-date=\"2024-11-19 10:01:58\"><img loading=\"lazy\" decoding=\"async\" src=\"https:\/\/lehners-barbian.de\/wp-content\/uploads\/2023\/11\/e3c8bdbc5dc3209be311b06c8eb74558_1-2-700x500.jpg\" height=\"500\" width=\"700\" alt=\"\" class=\"slider-1359 slide-1362\" title=\"e3c8bdbc5dc3209be311b06c8eb74558_1-2\" \/><\/li>\n                <li style=\"display: none; width: 100%;\" class=\"slide-1363 ms-image \" aria-roledescription=\"slide\" aria-label=\"slide-1363\" data-date=\"2024-11-19 10:01:58\"><img loading=\"lazy\" decoding=\"async\" src=\"https:\/\/lehners-barbian.de\/wp-content\/uploads\/2023\/11\/bac9490653bb1f63d06281f0c0e80d22_1-2-700x500.jpg\" height=\"500\" width=\"700\" alt=\"\" class=\"slider-1359 slide-1363\" title=\"bac9490653bb1f63d06281f0c0e80d22_1-2\" \/><\/li>\n            <\/ul>\n        <\/div>\n        \n    <\/div>\n<\/div>\n\n\n\n<div class=\"wp-block-columns is-layout-flex wp-container-core-columns-is-layout-28f84493 wp-block-columns-is-layout-flex\">\n<div class=\"wp-block-column is-layout-flow wp-block-column-is-layout-flow\">\n<div class=\"wp-block-columns is-layout-flex wp-container-core-columns-is-layout-28f84493 wp-block-columns-is-layout-flex\">\n<div class=\"wp-block-column is-layout-flow wp-block-column-is-layout-flow\"><\/div>\n\n\n\n<div class=\"wp-block-column is-layout-flow wp-block-column-is-layout-flow\"><\/div>\n<\/div>\n<\/div>\n<\/div>\n\n\n\n<p><a href=\"https:\/\/lehners-barbian.de\/?page_id=10\">Zur\u00fcck zu den Projekten<\/a><\/p>\n","protected":false},"excerpt":{"rendered":"<p>Denkmalgesch\u00fctzte Sanierung Kompressorenhalle G\u00f6ttelborn D Projekt: Denkmalgesch\u00fctzte SanierungStandort: G\u00f6ttelbornBaubeginn: 2004Fertigstellung:\u00a02007Status: Fertiggestellt Zur\u00fcck zu den Projekten<\/p>\n","protected":false},"author":2,"featured_media":0,"parent":0,"menu_order":0,"comment_status":"closed","ping_status":"closed","template":"","meta":{"footnotes":""},"class_list":["post-991","page","type-page","status-publish","hentry"],"_links":{"self":[{"href":"https:\/\/lehners-barbian.de\/index.php?rest_route=\/wp\/v2\/pages\/991","targetHints":{"allow":["GET"]}}],"collection":[{"href":"https:\/\/lehners-barbian.de\/index.php?rest_route=\/wp\/v2\/pages"}],"about":[{"href":"https:\/\/lehners-barbian.de\/index.php?rest_route=\/wp\/v2\/types\/page"}],"author":[{"embeddable":true,"href":"https:\/\/lehners-barbian.de\/index.php?rest_route=\/wp\/v2\/users\/2"}],"replies":[{"embeddable":true,"href":"https:\/\/lehners-barbian.de\/index.php?rest_route=%2Fwp%2Fv2%2Fcomments&post=991"}],"version-history":[{"count":3,"href":"https:\/\/lehners-barbian.de\/index.php?rest_route=\/wp\/v2\/pages\/991\/revisions"}],"predecessor-version":[{"id":1364,"href":"https:\/\/lehners-barbian.de\/index.php?rest_route=\/wp\/v2\/pages\/991\/revisions\/1364"}],"wp:attachment":[{"href":"https:\/\/lehners-barbian.de\/index.php?rest_route=%2Fwp%2Fv2%2Fmedia&parent=991"}],"curies":[{"name":"wp","href":"https:\/\/api.w.org\/{rel}","templated":true}]}}