{"id":346,"date":"2022-08-04T11:21:39","date_gmt":"2022-08-04T09:21:39","guid":{"rendered":"https:\/\/lehners-barbian.de\/?page_id=346"},"modified":"2024-11-18T10:38:18","modified_gmt":"2024-11-18T09:38:18","slug":"habitat-stockenbruch-beamtenwohnhaus-projektierung-betonsanierung","status":"publish","type":"page","link":"https:\/\/lehners-barbian.de\/?page_id=346","title":{"rendered":""},"content":{"rendered":"\n<div class=\"wp-block-cover alignfull is-light has-custom-content-position is-position-bottom-left\" style=\"min-height:1099px;aspect-ratio:unset;\"><span aria-hidden=\"true\" class=\"wp-block-cover__background has-background-dim-20 has-background-dim\" style=\"background-color:#777d86\"><\/span><img loading=\"lazy\" decoding=\"async\" width=\"1538\" height=\"1536\" class=\"wp-block-cover__image-background wp-image-783\" alt=\"\" src=\"https:\/\/lehners-barbian.de\/wp-content\/uploads\/2022\/10\/20220727_143011-edited-1.jpg\" data-object-fit=\"cover\" srcset=\"https:\/\/lehners-barbian.de\/wp-content\/uploads\/2022\/10\/20220727_143011-edited-1.jpg 1538w, https:\/\/lehners-barbian.de\/wp-content\/uploads\/2022\/10\/20220727_143011-edited-1-300x300.jpg 300w, https:\/\/lehners-barbian.de\/wp-content\/uploads\/2022\/10\/20220727_143011-edited-1-1024x1024.jpg 1024w, https:\/\/lehners-barbian.de\/wp-content\/uploads\/2022\/10\/20220727_143011-edited-1-150x150.jpg 150w, https:\/\/lehners-barbian.de\/wp-content\/uploads\/2022\/10\/20220727_143011-edited-1-768x767.jpg 768w, https:\/\/lehners-barbian.de\/wp-content\/uploads\/2022\/10\/20220727_143011-edited-1-1536x1534.jpg 1536w\" sizes=\"auto, (max-width: 1538px) 100vw, 1538px\" \/><div class=\"wp-block-cover__inner-container is-layout-flow wp-block-cover-is-layout-flow\">\n<div style=\"height:71px\" aria-hidden=\"true\" class=\"wp-block-spacer\"><\/div>\n\n\n\n<div class=\"wp-block-buttons is-content-justification-center is-layout-flex wp-container-core-buttons-is-layout-a89b3969 wp-block-buttons-is-layout-flex\"><\/div>\n\n\n\n<p class=\"has-text-align-left has-white-color has-text-color\" style=\"font-size:clamp(37.821px, 2.364rem + ((1vw - 3.2px) * 3.352), 70px);font-style:normal;font-weight:900\"><strong>Beamtenwohnhaus<\/strong><\/p>\n\n\n\n<p class=\"has-text-align-left has-white-color has-text-color has-medium-font-size\" style=\"letter-spacing:1px\">Saarbr\u00fccken &#8211; Projektierung &amp; Betonsanierung<\/p>\n<\/div><\/div>\n\n\n\n<div class=\"wp-block-columns is-layout-flex wp-container-core-columns-is-layout-28f84493 wp-block-columns-is-layout-flex\">\n<div class=\"wp-block-column is-layout-flow wp-block-column-is-layout-flow\">\n<h2 class=\"wp-block-heading has-text-color has-link-color has-small-font-size wp-elements-16e9f7489a2304635b6e11378ee04260\" style=\"color:#56a3d3;margin-top:0;margin-right:0;margin-bottom:0;margin-left:0;padding-top:0;padding-right:0;padding-bottom:0;padding-left:0;font-style:normal;font-weight:300\">Denkmalgesch\u00fctztes Wohnhaus<\/h2>\n\n\n\n<p class=\"has-large-font-size\" style=\"font-style:normal;font-weight:300\">Beamtenwohnhaus &#8211; Habitat Stockenbruch<\/p>\n<\/div>\n\n\n\n<div class=\"wp-block-column is-layout-flow wp-block-column-is-layout-flow\">\n<p class=\"has-text-align-left\" style=\"font-style:normal;font-weight:200\">Das 1950 als Beamtenwohnhaus erbaute &#8222;Habitat Stockenbruch&#8220; ist ein achtgeschossiger Stahlbeton-Skelettbau mit einer Ausfachung aus Ziegelsteinen. Das Geb\u00e4ude mit dem eigenwilligen, halbkreisf\u00f6rmigen Grundriss steht unter Denkmalschutz.<\/p>\n\n\n\n<p class=\"has-text-align-left\" style=\"font-style:normal;font-weight:200\">In den 1980er Jahren wurden\u00a0nur notd\u00fcrftige Reparaturen an den tragenden Betonbauteilen durchgef\u00fchrt, sodass eine umfassende Betoninstandsetzung erforderlich ist. Im Zuge der Betonsanierung wird auch die Terrassenabdichtung erneuert, die Putzfl\u00e4chen erg\u00e4nzt und das Geb\u00e4ude neu gestrichen.<\/p>\n\n\n\n<p class=\"has-text-align-left\" style=\"font-style:normal;font-weight:200\">Im Rahmen einer Projektierung f\u00fcr das denkmalgesch\u00fctzte Habitat Stockenbruch haben wir umfangreiche Recherchen betrieben. Projektiert wurde eine Ausstellung innerhalb einer renovierten Musterwohnung im Habitat Stockenbruch.<br>Das Ausstellungskonzept teilt sich in 3 Bereiche:<\/p>\n\n\n\n<p class=\"has-text-align-left\" style=\"font-style:normal;font-weight:200\">1. Innen- und Au\u00dfenraumgestaltung zur Bauzeit (1947-1953)<\/p>\n\n\n\n<p class=\"has-text-align-left\" style=\"font-style:normal;font-weight:200\">2. Baugeschichte im historischen Kontext und die baulichen Besonderheiten<\/p>\n\n\n\n<ol class=\"wp-block-list\"><\/ol>\n\n\n\n<p class=\"has-text-align-left\" style=\"font-style:normal;font-weight:200\">3. Relikte, Geschichten und Kuriosit\u00e4ten des Habitat und seiner Bewohner<\/p>\n\n\n\n<ol class=\"wp-block-list\"><\/ol>\n\n\n\n<div class=\"wp-block-group has-global-padding is-layout-constrained wp-block-group-is-layout-constrained\">\n<p class=\"has-text-align-left has-text-color has-link-color wp-elements-c26d61b3109628e00ac34ae3c6bc91f2\" style=\"color:#56a3d3;font-style:normal;font-weight:300\">Projekt: Projektierung &amp; Betonsanierung<br>Standort: Saarbr\u00fccken<br>Bruttogrundfl\u00e4che: <br>Baubeginn:\u00a02016<br>Fertigstellung:\u00a02019<br>Status: Fertiggestellt<\/p>\n<\/div>\n<\/div>\n<\/div>\n\n\n<div id=\"metaslider-id-1235\" style=\"width: 100%;\" class=\"ml-slider-3-98-0 metaslider metaslider-flex metaslider-1235 ml-slider ms-theme-default-base has-dots-nav\" role=\"region\" aria-roledescription=\"Slideshow\" aria-label=\"Habitat Stockenbruch\" data-width=\"700\">\n    <div id=\"metaslider_container_1235\">\n        <div id=\"metaslider_1235\">\n            <ul class='slides'>\n                <li style=\"display: block; width: 100%;\" class=\"slide-1237 ms-image \" aria-roledescription=\"slide\" aria-label=\"slide-1237\" data-date=\"2024-11-18 10:06:33\"><img loading=\"lazy\" decoding=\"async\" src=\"https:\/\/lehners-barbian.de\/wp-content\/uploads\/2022\/07\/Eingeruestet-640x457.jpg\" height=\"500\" width=\"700\" alt=\"\" class=\"slider-1235 slide-1237\" title=\"Q\" \/><div class=\"caption-wrap\"><div class=\"caption\">Q<\/div><\/div><\/li>\n                <li style=\"display: none; width: 100%;\" class=\"slide-1238 ms-image \" aria-roledescription=\"slide\" aria-label=\"slide-1238\" data-date=\"2024-11-18 10:06:50\"><img loading=\"lazy\" decoding=\"async\" src=\"https:\/\/lehners-barbian.de\/wp-content\/uploads\/2022\/08\/20220727_1431510-700x500.jpg\" height=\"500\" width=\"700\" alt=\"\" class=\"slider-1235 slide-1238\" title=\"20220727_1431510\" \/><\/li>\n                <li style=\"display: none; width: 100%;\" class=\"slide-1236 ms-image \" aria-roledescription=\"slide\" aria-label=\"slide-1236\" data-date=\"2024-11-18 10:06:11\"><img loading=\"lazy\" decoding=\"async\" src=\"https:\/\/lehners-barbian.de\/wp-content\/uploads\/2022\/08\/csm_Grundriss_Prinzip_4af8f8fabe-436x312.jpg\" height=\"500\" width=\"700\" alt=\"\" class=\"slider-1235 slide-1236\" title=\"csm_Grundriss_Prinzip_4af8f8fabe\" \/><\/li>\n                <li style=\"display: none; width: 100%;\" class=\"slide-1239 ms-image \" aria-roledescription=\"slide\" aria-label=\"slide-1239\" data-date=\"2024-11-18 10:07:11\"><img loading=\"lazy\" decoding=\"async\" src=\"https:\/\/lehners-barbian.de\/wp-content\/uploads\/2022\/07\/csm_Dach-2a_c706ce1d33-450x321.jpg\" height=\"500\" width=\"700\" alt=\"\" class=\"slider-1235 slide-1239\" title=\"csm_Dach-2a_c706ce1d33\" \/><\/li>\n                <li style=\"display: none; width: 100%;\" class=\"slide-1240 ms-image \" aria-roledescription=\"slide\" aria-label=\"slide-1240\" data-date=\"2024-11-18 10:07:15\"><img loading=\"lazy\" decoding=\"async\" src=\"https:\/\/lehners-barbian.de\/wp-content\/uploads\/2022\/08\/csm_Kueche2_03_aef3ff8c6f-450x321.jpg\" height=\"500\" width=\"700\" alt=\"\" class=\"slider-1235 slide-1240\" title=\"csm_Kueche2_03_aef3ff8c6f\" \/><\/li>\n                <li style=\"display: none; width: 100%;\" class=\"slide-1241 ms-image \" aria-roledescription=\"slide\" aria-label=\"slide-1241\" data-date=\"2024-11-18 10:07:20\"><img loading=\"lazy\" decoding=\"async\" src=\"https:\/\/lehners-barbian.de\/wp-content\/uploads\/2022\/08\/csm_Dusche1_01_2b75249a2e-450x321.jpg\" height=\"500\" width=\"700\" alt=\"\" class=\"slider-1235 slide-1241\" title=\"csm_Dusche1_01_2b75249a2e\" \/><\/li>\n            <\/ul>\n        <\/div>\n        \n    <\/div>\n<\/div>\n\n\n\n<p><a href=\"https:\/\/lehners-barbian.de\/?page_id=10\">Zur\u00fcck zu den Projekten<\/a><\/p>\n","protected":false},"excerpt":{"rendered":"<p>Denkmalgesch\u00fctztes Wohnhaus Beamtenwohnhaus &#8211; Habitat Stockenbruch Das 1950 als Beamtenwohnhaus erbaute &#8222;Habitat Stockenbruch&#8220; ist ein achtgeschossiger Stahlbeton-Skelettbau mit einer Ausfachung aus Ziegelsteinen. Das Geb\u00e4ude mit dem eigenwilligen, halbkreisf\u00f6rmigen Grundriss steht unter Denkmalschutz. In den 1980er Jahren wurden\u00a0nur notd\u00fcrftige Reparaturen an den tragenden Betonbauteilen durchgef\u00fchrt, sodass eine umfassende Betoninstandsetzung erforderlich ist. Im Zuge der Betonsanierung wird &hellip; <\/p>\n<p class=\"link-more\"><a href=\"https:\/\/lehners-barbian.de\/?page_id=346\" class=\"more-link\">Mehr <span class=\"screen-reader-text\">\u00fcber &#8222;&#8220; <\/span>Lesen<\/a><\/p>\n","protected":false},"author":2,"featured_media":0,"parent":0,"menu_order":0,"comment_status":"closed","ping_status":"closed","template":"","meta":{"footnotes":""},"class_list":["post-346","page","type-page","status-publish","hentry"],"_links":{"self":[{"href":"https:\/\/lehners-barbian.de\/index.php?rest_route=\/wp\/v2\/pages\/346","targetHints":{"allow":["GET"]}}],"collection":[{"href":"https:\/\/lehners-barbian.de\/index.php?rest_route=\/wp\/v2\/pages"}],"about":[{"href":"https:\/\/lehners-barbian.de\/index.php?rest_route=\/wp\/v2\/types\/page"}],"author":[{"embeddable":true,"href":"https:\/\/lehners-barbian.de\/index.php?rest_route=\/wp\/v2\/users\/2"}],"replies":[{"embeddable":true,"href":"https:\/\/lehners-barbian.de\/index.php?rest_route=%2Fwp%2Fv2%2Fcomments&post=346"}],"version-history":[{"count":7,"href":"https:\/\/lehners-barbian.de\/index.php?rest_route=\/wp\/v2\/pages\/346\/revisions"}],"predecessor-version":[{"id":1242,"href":"https:\/\/lehners-barbian.de\/index.php?rest_route=\/wp\/v2\/pages\/346\/revisions\/1242"}],"wp:attachment":[{"href":"https:\/\/lehners-barbian.de\/index.php?rest_route=%2Fwp%2Fv2%2Fmedia&parent=346"}],"curies":[{"name":"wp","href":"https:\/\/api.w.org\/{rel}","templated":true}]}}