{"id":27,"date":"2022-05-16T12:03:59","date_gmt":"2022-05-16T10:03:59","guid":{"rendered":"https:\/\/lehners-barbian.de\/?page_id=27"},"modified":"2022-10-20T13:21:55","modified_gmt":"2022-10-20T11:21:55","slug":"rueckbau-und-entsorgung","status":"publish","type":"page","link":"https:\/\/lehners-barbian.de\/?page_id=27","title":{"rendered":"Planung von R\u00fcckbau und Entsorgung"},"content":{"rendered":"\n<p>Im Zuge der Umnutzung von Geb\u00e4uden und Bebauungsfl\u00e4chen werden zuk\u00fcnftig immer h\u00f6here Anforderungen an den Bauherrn gestellt, die einen \u00f6kologisch vertretbaren, gesundheitlich risikofreien und gegebenenfalls denkmalgerechten Umgang mit der Altsubstanz gew\u00e4hrleisten sollen.<\/p>\n\n\n\n<p>Zur Erteilung einer Abbruchgenehmigung verlangen die Beh\u00f6rden daher ein sogenanntes &#8222;R\u00fcckbau- und Entsorgungskonzept&#8220;, das wir Ihnen auf Anfrage erstellen k\u00f6nnen:<\/p>\n\n\n\n<ul class=\"wp-block-list\"><li>Begutachtung, Beprobung, Analyse, Bewertung und Einordnung von Verdachtsstoffen<\/li><li>Ma\u00dfnahmenkatalog f\u00fcr den Umgang mit Gefahrstoffen und deren Entsorgung<\/li><li>Konzeptionierung des R\u00fcckbauablaufes nach statischen, konstruktiven und sicherheitstechnischen Aspekten<\/li><li>Abstimmung mit den Beh\u00f6rden<\/li><li>Ausschreibung und \u00dcberwachung der genehmigten Ma\u00dfnahme<\/li><\/ul>\n\n\n\n<div class=\"wp-block-columns is-layout-flex wp-container-core-columns-is-layout-28f84493 wp-block-columns-is-layout-flex\">\n<div class=\"wp-block-column is-layout-flow wp-block-column-is-layout-flow\">\n<figure class=\"wp-block-image size-large\"><img loading=\"lazy\" decoding=\"async\" width=\"1024\" height=\"680\" src=\"https:\/\/lehners-barbian.de\/wp-content\/uploads\/2022\/08\/P1090268-1024x680.jpg\" alt=\"\" class=\"wp-image-521\" srcset=\"https:\/\/lehners-barbian.de\/wp-content\/uploads\/2022\/08\/P1090268-1024x680.jpg 1024w, https:\/\/lehners-barbian.de\/wp-content\/uploads\/2022\/08\/P1090268-300x199.jpg 300w, https:\/\/lehners-barbian.de\/wp-content\/uploads\/2022\/08\/P1090268-768x510.jpg 768w, https:\/\/lehners-barbian.de\/wp-content\/uploads\/2022\/08\/P1090268-1536x1020.jpg 1536w, https:\/\/lehners-barbian.de\/wp-content\/uploads\/2022\/08\/P1090268-2000x1328.jpg 2000w, https:\/\/lehners-barbian.de\/wp-content\/uploads\/2022\/08\/P1090268.jpg 2048w\" sizes=\"auto, (max-width: 1024px) 100vw, 1024px\" \/><\/figure>\n<\/div>\n\n\n\n<div class=\"wp-block-column is-layout-flow wp-block-column-is-layout-flow\">\n<figure class=\"wp-block-image size-large\"><img loading=\"lazy\" decoding=\"async\" width=\"1024\" height=\"680\" src=\"https:\/\/lehners-barbian.de\/wp-content\/uploads\/2022\/08\/P1130457-1024x680.jpg\" alt=\"\" class=\"wp-image-522\" srcset=\"https:\/\/lehners-barbian.de\/wp-content\/uploads\/2022\/08\/P1130457-1024x680.jpg 1024w, https:\/\/lehners-barbian.de\/wp-content\/uploads\/2022\/08\/P1130457-300x199.jpg 300w, https:\/\/lehners-barbian.de\/wp-content\/uploads\/2022\/08\/P1130457-768x510.jpg 768w, https:\/\/lehners-barbian.de\/wp-content\/uploads\/2022\/08\/P1130457-1536x1020.jpg 1536w, https:\/\/lehners-barbian.de\/wp-content\/uploads\/2022\/08\/P1130457-2000x1328.jpg 2000w, https:\/\/lehners-barbian.de\/wp-content\/uploads\/2022\/08\/P1130457.jpg 2048w\" sizes=\"auto, (max-width: 1024px) 100vw, 1024px\" \/><\/figure>\n<\/div>\n<\/div>\n","protected":false},"excerpt":{"rendered":"<p>Im Zuge der Umnutzung von Geb\u00e4uden und Bebauungsfl\u00e4chen werden zuk\u00fcnftig immer h\u00f6here Anforderungen an den Bauherrn gestellt, die einen \u00f6kologisch vertretbaren, gesundheitlich risikofreien und gegebenenfalls denkmalgerechten Umgang mit der Altsubstanz gew\u00e4hrleisten sollen. Zur Erteilung einer Abbruchgenehmigung verlangen die Beh\u00f6rden daher ein sogenanntes &#8222;R\u00fcckbau- und Entsorgungskonzept&#8220;, das wir Ihnen auf Anfrage erstellen k\u00f6nnen: Begutachtung, Beprobung, Analyse, &hellip; <\/p>\n<p class=\"link-more\"><a href=\"https:\/\/lehners-barbian.de\/?page_id=27\" class=\"more-link\">Mehr <span class=\"screen-reader-text\">\u00fcber &#8222;Planung von R\u00fcckbau und Entsorgung&#8220; <\/span>Lesen<\/a><\/p>\n","protected":false},"author":2,"featured_media":0,"parent":0,"menu_order":0,"comment_status":"closed","ping_status":"closed","template":"","meta":{"footnotes":""},"class_list":["post-27","page","type-page","status-publish","hentry"],"_links":{"self":[{"href":"https:\/\/lehners-barbian.de\/index.php?rest_route=\/wp\/v2\/pages\/27","targetHints":{"allow":["GET"]}}],"collection":[{"href":"https:\/\/lehners-barbian.de\/index.php?rest_route=\/wp\/v2\/pages"}],"about":[{"href":"https:\/\/lehners-barbian.de\/index.php?rest_route=\/wp\/v2\/types\/page"}],"author":[{"embeddable":true,"href":"https:\/\/lehners-barbian.de\/index.php?rest_route=\/wp\/v2\/users\/2"}],"replies":[{"embeddable":true,"href":"https:\/\/lehners-barbian.de\/index.php?rest_route=%2Fwp%2Fv2%2Fcomments&post=27"}],"version-history":[{"count":3,"href":"https:\/\/lehners-barbian.de\/index.php?rest_route=\/wp\/v2\/pages\/27\/revisions"}],"predecessor-version":[{"id":811,"href":"https:\/\/lehners-barbian.de\/index.php?rest_route=\/wp\/v2\/pages\/27\/revisions\/811"}],"wp:attachment":[{"href":"https:\/\/lehners-barbian.de\/index.php?rest_route=%2Fwp%2Fv2%2Fmedia&parent=27"}],"curies":[{"name":"wp","href":"https:\/\/api.w.org\/{rel}","templated":true}]}}