{"id":264,"date":"2022-07-26T12:53:32","date_gmt":"2022-07-26T10:53:32","guid":{"rendered":"https:\/\/lehners-barbian.de\/?page_id=264"},"modified":"2022-10-20T14:57:18","modified_gmt":"2022-10-20T12:57:18","slug":"substanzbewertung-von-immobilien","status":"publish","type":"page","link":"https:\/\/lehners-barbian.de\/?page_id=264","title":{"rendered":"Substanzbewertung von Immobilien"},"content":{"rendered":"\n<div class=\"wp-block-columns is-layout-flex wp-container-core-columns-is-layout-28f84493 wp-block-columns-is-layout-flex\">\n<div class=\"wp-block-column is-layout-flow wp-block-column-is-layout-flow\" style=\"flex-basis:66.66%\">\n<h3 class=\"wp-block-heading\">Beim Erwerb einer Immobilie unterst\u00fctzen wir Sie bei einer gemeinsamen Besichtigung durch:<\/h3>\n\n\n\n<ul class=\"wp-block-list\"><li>Aufzeigen von Schwachstellen&nbsp;&nbsp;&nbsp;&nbsp;&nbsp;&nbsp;&nbsp;&nbsp;&nbsp;&nbsp;<\/li><li>Hinweise auf verdeckte M\u00e4ngel<\/li><li>Kl\u00e4rung der baulichen Risiken<\/li><li>Sch\u00e4tzung der Investitionskosten<\/li><\/ul>\n\n\n\n<h3 class=\"wp-block-heading\">Sie erhalten von uns:<\/h3>\n\n\n\n<ul class=\"wp-block-list\"><li>eine Bewertung der Bausubstanz<\/li><li>Schutz vor \u00dcberraschungen<\/li><li>die&nbsp;Grundlage f\u00fcr eine kalkulierbare Finanzierung<\/li><\/ul>\n\n\n\n<p><a href=\"https:\/\/lehners-barbian.de\/?page_id=260\">zur\u00fcck zur \u00dcbersicht<\/a><\/p>\n<\/div>\n\n\n\n<div class=\"wp-block-column is-layout-flow wp-block-column-is-layout-flow\" style=\"flex-basis:33.33%\">\n<figure class=\"wp-block-image size-full\"><img loading=\"lazy\" decoding=\"async\" width=\"481\" height=\"480\" src=\"https:\/\/lehners-barbian.de\/wp-content\/uploads\/2022\/10\/hinten_nachher_klein-edited.jpg\" alt=\"\" class=\"wp-image-731\" srcset=\"https:\/\/lehners-barbian.de\/wp-content\/uploads\/2022\/10\/hinten_nachher_klein-edited.jpg 481w, https:\/\/lehners-barbian.de\/wp-content\/uploads\/2022\/10\/hinten_nachher_klein-edited-300x300.jpg 300w, https:\/\/lehners-barbian.de\/wp-content\/uploads\/2022\/10\/hinten_nachher_klein-edited-150x150.jpg 150w\" sizes=\"auto, (max-width: 481px) 100vw, 481px\" \/><\/figure>\n<\/div>\n<\/div>\n","protected":false},"excerpt":{"rendered":"<p>Beim Erwerb einer Immobilie unterst\u00fctzen wir Sie bei einer gemeinsamen Besichtigung durch: Aufzeigen von Schwachstellen&nbsp;&nbsp;&nbsp;&nbsp;&nbsp;&nbsp;&nbsp;&nbsp;&nbsp;&nbsp; Hinweise auf verdeckte M\u00e4ngel Kl\u00e4rung der baulichen Risiken Sch\u00e4tzung der Investitionskosten Sie erhalten von uns: eine Bewertung der Bausubstanz Schutz vor \u00dcberraschungen die&nbsp;Grundlage f\u00fcr eine kalkulierbare Finanzierung zur\u00fcck zur \u00dcbersicht<\/p>\n","protected":false},"author":2,"featured_media":0,"parent":0,"menu_order":0,"comment_status":"closed","ping_status":"closed","template":"","meta":{"footnotes":""},"class_list":["post-264","page","type-page","status-publish","hentry"],"_links":{"self":[{"href":"https:\/\/lehners-barbian.de\/index.php?rest_route=\/wp\/v2\/pages\/264","targetHints":{"allow":["GET"]}}],"collection":[{"href":"https:\/\/lehners-barbian.de\/index.php?rest_route=\/wp\/v2\/pages"}],"about":[{"href":"https:\/\/lehners-barbian.de\/index.php?rest_route=\/wp\/v2\/types\/page"}],"author":[{"embeddable":true,"href":"https:\/\/lehners-barbian.de\/index.php?rest_route=\/wp\/v2\/users\/2"}],"replies":[{"embeddable":true,"href":"https:\/\/lehners-barbian.de\/index.php?rest_route=%2Fwp%2Fv2%2Fcomments&post=264"}],"version-history":[{"count":3,"href":"https:\/\/lehners-barbian.de\/index.php?rest_route=\/wp\/v2\/pages\/264\/revisions"}],"predecessor-version":[{"id":855,"href":"https:\/\/lehners-barbian.de\/index.php?rest_route=\/wp\/v2\/pages\/264\/revisions\/855"}],"wp:attachment":[{"href":"https:\/\/lehners-barbian.de\/index.php?rest_route=%2Fwp%2Fv2%2Fmedia&parent=264"}],"curies":[{"name":"wp","href":"https:\/\/api.w.org\/{rel}","templated":true}]}}