{"id":1366,"date":"2024-11-19T11:51:18","date_gmt":"2024-11-19T10:51:18","guid":{"rendered":"https:\/\/lehners-barbian.de\/?page_id=1366"},"modified":"2024-11-19T11:51:18","modified_gmt":"2024-11-19T10:51:18","slug":"1366-2","status":"publish","type":"page","link":"https:\/\/lehners-barbian.de\/?page_id=1366","title":{"rendered":""},"content":{"rendered":"\n<div class=\"wp-block-cover alignfull has-custom-content-position is-position-bottom-left\" style=\"min-height:1099px;aspect-ratio:unset;\"><span aria-hidden=\"true\" class=\"wp-block-cover__background has-background-dim-20 has-background-dim\" style=\"background-color:#777d86\"><\/span><img loading=\"lazy\" decoding=\"async\" width=\"1280\" height=\"720\" class=\"wp-block-cover__image-background wp-image-1330\" alt=\"\" src=\"https:\/\/lehners-barbian.de\/wp-content\/uploads\/2024\/11\/dji_fly_20241111_115649_0_1731322609946_photo_low_quality.jpg\" data-object-fit=\"cover\" srcset=\"https:\/\/lehners-barbian.de\/wp-content\/uploads\/2024\/11\/dji_fly_20241111_115649_0_1731322609946_photo_low_quality.jpg 1280w, https:\/\/lehners-barbian.de\/wp-content\/uploads\/2024\/11\/dji_fly_20241111_115649_0_1731322609946_photo_low_quality-300x169.jpg 300w, https:\/\/lehners-barbian.de\/wp-content\/uploads\/2024\/11\/dji_fly_20241111_115649_0_1731322609946_photo_low_quality-1024x576.jpg 1024w\" sizes=\"auto, (max-width: 1280px) 100vw, 1280px\" \/><div class=\"wp-block-cover__inner-container is-layout-flow wp-block-cover-is-layout-flow\">\n<div style=\"height:71px\" aria-hidden=\"true\" class=\"wp-block-spacer\"><\/div>\n\n\n\n<div class=\"wp-block-buttons is-content-justification-center is-layout-flex wp-container-core-buttons-is-layout-a89b3969 wp-block-buttons-is-layout-flex\"><\/div>\n\n\n\n<p class=\"has-text-align-left has-white-color has-text-color\" style=\"font-size:clamp(37.821px, 2.364rem + ((1vw - 3.2px) * 3.352), 70px);font-style:normal;font-weight:900\">KITA &amp; FGTS<\/p>\n\n\n\n<p class=\"has-text-align-left has-white-color has-text-color has-medium-font-size\" style=\"letter-spacing:1px\">Blieskastel &#8211; Umnutzung altes Bauernhaus &amp; Neubau<\/p>\n<\/div><\/div>\n\n\n\n<div class=\"wp-block-columns is-layout-flex wp-container-core-columns-is-layout-28f84493 wp-block-columns-is-layout-flex\">\n<div class=\"wp-block-column is-layout-flow wp-block-column-is-layout-flow\">\n<h2 class=\"wp-block-heading has-text-color has-link-color has-small-font-size wp-elements-7e8bc39bfd8f680d415f873aad13ebe8\" style=\"color:#56a3d3;margin-top:0;margin-right:0;margin-bottom:0;margin-left:0;padding-top:0;padding-right:0;padding-bottom:0;padding-left:0;font-style:normal;font-weight:300\">Sanierung &amp; Neubau<\/h2>\n\n\n\n<p class=\"has-large-font-size\" style=\"font-style:normal;font-weight:300\">KITA &amp; FGTS<\/p>\n<\/div>\n\n\n\n<div class=\"wp-block-column is-layout-flow wp-block-column-is-layout-flow\">\n<p class=\"has-text-align-left\" style=\"font-style:normal;font-weight:200\">Blickweiler, ein Ortsteil der Stadt Blieskastel im Saarpfalz-Kreis, bietet eine aktive Dorfgemeinschaft und zahlreiche Vereins- und Freizeitm\u00f6glichkeiten. Zu den Einrichtungen geh\u00f6ren eine Grundschule, ein Kindergarten, eine B\u00e4ckerei, eine Metzgerei, eine Gastst\u00e4tte, ein Friseur, ein Arzt und eine Apotheke. Der Ort ist auch bei Wanderern und Radfahrern beliebt.<\/p>\n\n\n\n<p class=\"has-text-align-left\" style=\"font-style:normal;font-weight:200\">Der Dorfplatz in Blickweiler stellt ein zentrales Element des Ortsbildes dar, ist jedoch derzeit ungeordnet und wird vorwiegend als Stellplatzfl\u00e4che genutzt. In der Mitte des Platzes befindet sich eine Brunnenanlage, die sich in einem schlechten Zustand befindet. Im Norden steht die katholische Kirche St. Barbara als Orientierungspunkt. Das ehemalige Feuerwehrhaus und das angrenzende Wohnhaus sollen im Zuge einer geplanten Umgestaltung abgerissen werden.<\/p>\n\n\n\n<p class=\"has-text-align-left\" style=\"font-style:normal;font-weight:200\">Im Rahmen der Neustrukturierung des Dorfplatzes soll der alte Kindergarten St. Barbara abgerissen und auf dem freiwerdenden Gel\u00e4nde soll eine Ganztagsschule mit vier Klassenr\u00e4umen errichtet werden. Dies st\u00e4rkt die Bildungsinfrastruktur und deckt den Bedarf an Ganztagsbetreuung in der Gemeinde. Zudem wird gepr\u00fcft, ob das angrenzende Bauernhaus saniert werden kann, um den aktuellen Kindergarten mit drei Gruppenr\u00e4umen und einem Krippenraum aufzunehmen. Diese Ma\u00dfnahmen zielen darauf ab, den Platz funktional und \u00e4sthetisch aufzuwerten und eine moderne und zukunftsf\u00e4hige Bildungslandschaft zu schaffen.<\/p>\n\n\n\n<p class=\"has-text-align-left\" style=\"font-style:normal;font-weight:200\">Die Neugestaltung des Dorfplatzes soll Blickweiler als lebendige, attraktive Gemeinschaft f\u00f6rdern, indem sie den Bildungsbereich st\u00e4rkt und gleichzeitig neue Nutzungsm\u00f6glichkeiten f\u00fcr den Platz schafft. Zuk\u00fcnftig k\u00f6nnte der Dorfplatz verst\u00e4rkt als Treffpunkt f\u00fcr Veranstaltungen und soziale Aktivit\u00e4ten dienen.<\/p>\n\n\n\n<div class=\"wp-block-group has-global-padding is-layout-constrained wp-block-group-is-layout-constrained\">\n<p class=\"has-text-align-left has-text-color has-link-color wp-elements-040795e32b07e45615e3004348c459bc\" style=\"color:#56a3d3;font-style:normal;font-weight:300\">Projekt: Sanierung &amp; Neubau<br>Standort: Blieskastel<br>Status: In Planung<\/p>\n<\/div>\n<\/div>\n<\/div>\n\n\n\n<div class=\"wp-block-columns is-layout-flex wp-container-core-columns-is-layout-28f84493 wp-block-columns-is-layout-flex\">\n<div class=\"wp-block-column is-layout-flow wp-block-column-is-layout-flow\" style=\"flex-basis:100%\"><\/div>\n<\/div>\n\n\n<div id=\"metaslider-id-1332\" style=\"width: 100%;\" class=\"ml-slider-3-98-0 metaslider metaslider-flex metaslider-1332 ml-slider ms-theme-default-base has-dots-nav\" role=\"region\" aria-roledescription=\"Slideshow\" aria-label=\"KITA &amp; FGTS\" data-width=\"700\">\n    <div id=\"metaslider_container_1332\">\n        <div id=\"metaslider_1332\">\n            <ul class='slides'>\n                <li style=\"display: block; width: 100%;\" class=\"slide-1341 ms-image \" aria-roledescription=\"slide\" aria-label=\"slide-1341\" data-date=\"2024-11-18 15:43:53\"><img loading=\"lazy\" decoding=\"async\" src=\"https:\/\/lehners-barbian.de\/wp-content\/uploads\/2024\/11\/20241111_120516-1-scaled-700x500.jpg\" height=\"500\" width=\"700\" alt=\"\" class=\"slider-1332 slide-1341\" title=\"20241111_120516\" \/><\/li>\n                <li style=\"display: none; width: 100%;\" class=\"slide-1343 ms-image \" aria-roledescription=\"slide\" aria-label=\"slide-1343\" data-date=\"2024-11-18 15:43:54\"><img loading=\"lazy\" decoding=\"async\" src=\"https:\/\/lehners-barbian.de\/wp-content\/uploads\/2024\/11\/20240202_132335-scaled-700x500.jpg\" height=\"500\" width=\"700\" alt=\"\" class=\"slider-1332 slide-1343\" title=\"20240202_132335\" \/><\/li>\n                <li style=\"display: none; width: 100%;\" class=\"slide-1344 ms-image \" aria-roledescription=\"slide\" aria-label=\"slide-1344\" data-date=\"2024-11-18 15:43:55\"><img loading=\"lazy\" decoding=\"async\" src=\"https:\/\/lehners-barbian.de\/wp-content\/uploads\/2024\/11\/20240202_132311-scaled-700x500.jpg\" height=\"500\" width=\"700\" alt=\"\" class=\"slider-1332 slide-1344\" title=\"20240202_132311\" \/><\/li>\n                <li style=\"display: none; width: 100%;\" class=\"slide-1345 ms-image \" aria-roledescription=\"slide\" aria-label=\"slide-1345\" data-date=\"2024-11-18 15:43:55\"><img loading=\"lazy\" decoding=\"async\" src=\"https:\/\/lehners-barbian.de\/wp-content\/uploads\/2024\/11\/20240125_110101-scaled-700x500.jpg\" height=\"500\" width=\"700\" alt=\"\" class=\"slider-1332 slide-1345\" title=\"20240125_110101\" \/><\/li>\n                <li style=\"display: none; width: 100%;\" class=\"slide-1346 ms-image \" aria-roledescription=\"slide\" aria-label=\"slide-1346\" data-date=\"2024-11-18 15:43:55\"><img loading=\"lazy\" decoding=\"async\" src=\"https:\/\/lehners-barbian.de\/wp-content\/uploads\/2024\/11\/20240125_110145-scaled-700x500.jpg\" height=\"500\" width=\"700\" alt=\"\" class=\"slider-1332 slide-1346\" title=\"20240125_110145\" \/><\/li>\n                <li style=\"display: none; width: 100%;\" class=\"slide-1347 ms-image \" aria-roledescription=\"slide\" aria-label=\"slide-1347\" data-date=\"2024-11-18 15:43:56\"><img loading=\"lazy\" decoding=\"async\" src=\"https:\/\/lehners-barbian.de\/wp-content\/uploads\/2024\/11\/20240125_120048-scaled-700x500.jpg\" height=\"500\" width=\"700\" alt=\"\" class=\"slider-1332 slide-1347\" title=\"20240125_120048\" \/><\/li>\n                <li style=\"display: none; width: 100%;\" class=\"slide-1342 ms-image \" aria-roledescription=\"slide\" aria-label=\"slide-1342\" data-date=\"2024-11-18 15:43:53\"><img loading=\"lazy\" decoding=\"async\" src=\"https:\/\/lehners-barbian.de\/wp-content\/uploads\/2024\/11\/dji_fly_20241111_120030_0_1731322830742_photo_low_quality-700x500.jpg\" height=\"500\" width=\"700\" alt=\"\" class=\"slider-1332 slide-1342\" title=\"dji_fly_20241111_120030_0_1731322830742_photo_low_quality\" \/><\/li>\n            <\/ul>\n        <\/div>\n        \n    <\/div>\n<\/div>\n\n\n\n<p><a href=\"https:\/\/lehners-barbian.de\/?page_id=10\">Zur\u00fcck zu den Projekten<\/a><\/p>\n","protected":false},"excerpt":{"rendered":"<p>Sanierung &amp; Neubau KITA &amp; FGTS Blickweiler, ein Ortsteil der Stadt Blieskastel im Saarpfalz-Kreis, bietet eine aktive Dorfgemeinschaft und zahlreiche Vereins- und Freizeitm\u00f6glichkeiten. Zu den Einrichtungen geh\u00f6ren eine Grundschule, ein Kindergarten, eine B\u00e4ckerei, eine Metzgerei, eine Gastst\u00e4tte, ein Friseur, ein Arzt und eine Apotheke. Der Ort ist auch bei Wanderern und Radfahrern beliebt. Der Dorfplatz &hellip; <\/p>\n<p class=\"link-more\"><a href=\"https:\/\/lehners-barbian.de\/?page_id=1366\" class=\"more-link\">Mehr <span class=\"screen-reader-text\">\u00fcber &#8222;&#8220; <\/span>Lesen<\/a><\/p>\n","protected":false},"author":7,"featured_media":0,"parent":0,"menu_order":0,"comment_status":"closed","ping_status":"closed","template":"","meta":{"footnotes":""},"class_list":["post-1366","page","type-page","status-publish","hentry"],"_links":{"self":[{"href":"https:\/\/lehners-barbian.de\/index.php?rest_route=\/wp\/v2\/pages\/1366","targetHints":{"allow":["GET"]}}],"collection":[{"href":"https:\/\/lehners-barbian.de\/index.php?rest_route=\/wp\/v2\/pages"}],"about":[{"href":"https:\/\/lehners-barbian.de\/index.php?rest_route=\/wp\/v2\/types\/page"}],"author":[{"embeddable":true,"href":"https:\/\/lehners-barbian.de\/index.php?rest_route=\/wp\/v2\/users\/7"}],"replies":[{"embeddable":true,"href":"https:\/\/lehners-barbian.de\/index.php?rest_route=%2Fwp%2Fv2%2Fcomments&post=1366"}],"version-history":[{"count":1,"href":"https:\/\/lehners-barbian.de\/index.php?rest_route=\/wp\/v2\/pages\/1366\/revisions"}],"predecessor-version":[{"id":1367,"href":"https:\/\/lehners-barbian.de\/index.php?rest_route=\/wp\/v2\/pages\/1366\/revisions\/1367"}],"wp:attachment":[{"href":"https:\/\/lehners-barbian.de\/index.php?rest_route=%2Fwp%2Fv2%2Fmedia&parent=1366"}],"curies":[{"name":"wp","href":"https:\/\/api.w.org\/{rel}","templated":true}]}}