{"id":1200,"date":"2024-11-15T14:21:20","date_gmt":"2024-11-15T13:21:20","guid":{"rendered":"https:\/\/lehners-barbian.de\/?page_id=1200"},"modified":"2024-11-15T14:26:32","modified_gmt":"2024-11-15T13:26:32","slug":"jugendhaus-pirmasens","status":"publish","type":"page","link":"https:\/\/lehners-barbian.de\/?page_id=1200","title":{"rendered":""},"content":{"rendered":"\n<div class=\"wp-block-cover alignfull has-custom-content-position is-position-bottom-left\" style=\"min-height:1099px;aspect-ratio:unset;\"><span aria-hidden=\"true\" class=\"wp-block-cover__background has-background-dim-20 has-background-dim\" style=\"background-color:#777d86\"><\/span><img loading=\"lazy\" decoding=\"async\" width=\"2560\" height=\"1920\" class=\"wp-block-cover__image-background wp-image-973\" alt=\"\" src=\"https:\/\/lehners-barbian.de\/wp-content\/uploads\/2023\/11\/20231019_091831-2-scaled.jpg\" data-object-fit=\"cover\" srcset=\"https:\/\/lehners-barbian.de\/wp-content\/uploads\/2023\/11\/20231019_091831-2-scaled.jpg 2560w, https:\/\/lehners-barbian.de\/wp-content\/uploads\/2023\/11\/20231019_091831-2-300x225.jpg 300w, https:\/\/lehners-barbian.de\/wp-content\/uploads\/2023\/11\/20231019_091831-2-1024x768.jpg 1024w, https:\/\/lehners-barbian.de\/wp-content\/uploads\/2023\/11\/20231019_091831-2-768x576.jpg 768w, https:\/\/lehners-barbian.de\/wp-content\/uploads\/2023\/11\/20231019_091831-2-1536x1152.jpg 1536w, https:\/\/lehners-barbian.de\/wp-content\/uploads\/2023\/11\/20231019_091831-2-2048x1536.jpg 2048w, https:\/\/lehners-barbian.de\/wp-content\/uploads\/2023\/11\/20231019_091831-2-2000x1500.jpg 2000w\" sizes=\"auto, (max-width: 2560px) 100vw, 2560px\" \/><div class=\"wp-block-cover__inner-container is-layout-flow wp-block-cover-is-layout-flow\">\n<div style=\"height:71px\" aria-hidden=\"true\" class=\"wp-block-spacer\"><\/div>\n\n\n\n<div class=\"wp-block-buttons is-content-justification-center is-layout-flex wp-container-core-buttons-is-layout-a89b3969 wp-block-buttons-is-layout-flex\"><\/div>\n\n\n\n<p class=\"has-text-align-left has-white-color has-text-color\" style=\"font-size:clamp(37.821px, 2.364rem + ((1vw - 3.2px) * 3.352), 70px);font-style:normal;font-weight:900\"><strong>Jugendhaus Pirmasens<\/strong><\/p>\n\n\n\n<p class=\"has-text-align-left has-white-color has-text-color has-medium-font-size\" style=\"letter-spacing:1px\">Pirmasens &#8211; Umnutzung ehemaliger Pakethalle<\/p>\n<\/div><\/div>\n\n\n\n<div class=\"wp-block-columns is-layout-flex wp-container-core-columns-is-layout-28f84493 wp-block-columns-is-layout-flex\">\n<div class=\"wp-block-column is-layout-flow wp-block-column-is-layout-flow\">\n<h2 class=\"wp-block-heading has-text-color has-link-color has-small-font-size wp-elements-c9085d21c6e93fa75c3c92387784d8f6\" style=\"color:#56a3d3;margin-top:0;margin-right:0;margin-bottom:0;margin-left:0;padding-top:0;padding-right:0;padding-bottom:0;padding-left:0;font-style:normal;font-weight:300\">Denkmalgesch\u00fctztes Jugendhaus<\/h2>\n\n\n\n<p class=\"has-large-font-size\" style=\"font-style:normal;font-weight:300\">Jugendhaus Pirmasens<\/p>\n<\/div>\n\n\n\n<div class=\"wp-block-column is-layout-flow wp-block-column-is-layout-flow\">\n<p class=\"has-text-align-left\" style=\"font-style:normal;font-weight:200\">Die denkmalgesch\u00fctzte ehemalige Pakethalle soll zuk\u00fcnftig als Jugendhaus und Versammlungsst\u00e4tte genutzt werden. Die Grundrissgestaltung sieht vier Hauptnutzungsbereiche vor, je zwei pro Etage.<\/p>\n\n\n\n<p class=\"has-text-align-left\" style=\"font-style:normal;font-weight:200\">Der Begegnungsraum im Erdgeschoss mit K\u00fcche dient als zentraler Treffpunkt des Jugendhauses. Hier k\u00f6nnen Jugendliche verweilen und kommunizieren. <\/p>\n\n\n\n<p class=\"has-text-align-left\" style=\"font-style:normal;font-weight:200\">In unmittelbarer N\u00e4he, jedoch r\u00e4umlich eigenst\u00e4ndig organisiert, befinden sich die Mitarbeiterb\u00fcros. Neben allgemeinen Verwaltungsaufgaben liegt der Schwerpunkt auf der individuellen Betreuung der Jugendlichen. Ein Mehrzweckraum&nbsp;zwischen diesen Bereichen kann von beiden genutzt werden.<\/p>\n\n\n\n<p class=\"has-text-align-left\" style=\"font-style:normal;font-weight:200\">Im Untergeschoss (mit Au\u00dfenzugang) befindet sich die Werkstatt, wo Jugendliche handwerkliche und kreative F\u00e4higkeiten entfalten k\u00f6nnen. Ein gezieltes p\u00e4dagogisches Angebot wird mit ausreichend Freiraum f\u00fcr die Jugendlichen bereitgestellt. <\/p>\n\n\n\n<p class=\"has-text-align-left\" style=\"font-style:normal;font-weight:200\">Gegen\u00fcber liegt der Veranstaltungsbereich mit B\u00fchne und Infrastruktur f\u00fcr Konzerte, Vortr\u00e4ge, Theater und Workshops.<\/p>\n\n\n\n<div class=\"wp-block-group has-global-padding is-layout-constrained wp-block-group-is-layout-constrained\">\n<p class=\"has-text-align-left has-text-color has-link-color wp-elements-31b6c62b5aaaba21a13c9a758be44f10\" style=\"color:#56a3d3;font-style:normal;font-weight:300\">Projekt: Umnutzung ehemaliger Pakethalle<br>Standort: Pirmasens<br>Bruttogrundfl\u00e4che: <br>Baubeginn: <br>Fertigstellung:\u00a0&#8211;<br>Status: In Planung<\/p>\n<\/div>\n<\/div>\n<\/div>\n\n\n\n<div class=\"wp-block-columns is-layout-flex wp-container-core-columns-is-layout-28f84493 wp-block-columns-is-layout-flex\">\n<div class=\"wp-block-column is-layout-flow wp-block-column-is-layout-flow\" style=\"flex-basis:100%\"><\/div>\n<\/div>\n\n\n<div id=\"metaslider-id-1204\" style=\"width: 100%;\" class=\"ml-slider-3-98-0 metaslider metaslider-flex metaslider-1204 ml-slider ms-theme-default\" role=\"region\" aria-roledescription=\"Slideshow\" aria-label=\"Jugendhaus\" data-width=\"700\">\n    <div id=\"metaslider_container_1204\">\n        <div id=\"metaslider_1204\">\n            <ul class='slides'>\n                <li style=\"display: block; width: 100%;\" class=\"slide-1205 ms-image \" aria-roledescription=\"slide\" aria-label=\"slide-1205\" data-date=\"2024-11-15 14:17:17\"><img loading=\"lazy\" decoding=\"async\" src=\"https:\/\/lehners-barbian.de\/wp-content\/uploads\/2023\/11\/20231019_091831-2-scaled-700x600.jpg\" height=\"600\" width=\"700\" alt=\"\" class=\"slider-1204 slide-1205\" title=\"20231019_091831-2\" \/><\/li>\n                <li style=\"display: none; width: 100%;\" class=\"slide-1206 ms-image \" aria-roledescription=\"slide\" aria-label=\"slide-1206\" data-date=\"2024-11-15 14:17:33\"><img loading=\"lazy\" decoding=\"async\" src=\"https:\/\/lehners-barbian.de\/wp-content\/uploads\/2024\/05\/ps01_210524_Lightroom-ueberarbeitet-1-scaled-700x600.jpg\" height=\"600\" width=\"700\" alt=\"\" class=\"slider-1204 slide-1206\" title=\"ps01_210524_Lightroom-ueberarbeitet-1\" \/><\/li>\n                <li style=\"display: none; width: 100%;\" class=\"slide-1282 ms-image \" aria-roledescription=\"slide\" aria-label=\"slide-1282\" data-date=\"2024-11-18 12:54:12\"><img loading=\"lazy\" decoding=\"async\" src=\"https:\/\/lehners-barbian.de\/wp-content\/uploads\/2024\/11\/20240527_154601-700x600.jpg\" height=\"600\" width=\"700\" alt=\"\" class=\"slider-1204 slide-1282\" title=\"20240527_154601\" \/><\/li>\n                <li style=\"display: none; width: 100%;\" class=\"slide-1283 ms-image \" aria-roledescription=\"slide\" aria-label=\"slide-1283\" data-date=\"2024-11-18 12:54:12\"><img loading=\"lazy\" decoding=\"async\" src=\"https:\/\/lehners-barbian.de\/wp-content\/uploads\/2024\/11\/20240527_154642-700x600.jpg\" height=\"600\" width=\"700\" alt=\"\" class=\"slider-1204 slide-1283\" title=\"20240527_154642\" \/><\/li>\n            <\/ul>\n        <\/div>\n        \n    <\/div>\n<\/div>\n\n\n\n<p><a href=\"https:\/\/lehners-barbian.de\/?page_id=10\">Zur\u00fcck zu den Projekten<\/a><\/p>\n","protected":false},"excerpt":{"rendered":"<p>Denkmalgesch\u00fctztes Jugendhaus Jugendhaus Pirmasens Die denkmalgesch\u00fctzte ehemalige Pakethalle soll zuk\u00fcnftig als Jugendhaus und Versammlungsst\u00e4tte genutzt werden. Die Grundrissgestaltung sieht vier Hauptnutzungsbereiche vor, je zwei pro Etage. Der Begegnungsraum im Erdgeschoss mit K\u00fcche dient als zentraler Treffpunkt des Jugendhauses. Hier k\u00f6nnen Jugendliche verweilen und kommunizieren. In unmittelbarer N\u00e4he, jedoch r\u00e4umlich eigenst\u00e4ndig organisiert, befinden sich die Mitarbeiterb\u00fcros. &hellip; <\/p>\n<p class=\"link-more\"><a href=\"https:\/\/lehners-barbian.de\/?page_id=1200\" class=\"more-link\">Mehr <span class=\"screen-reader-text\">\u00fcber &#8222;&#8220; <\/span>Lesen<\/a><\/p>\n","protected":false},"author":7,"featured_media":0,"parent":0,"menu_order":0,"comment_status":"closed","ping_status":"closed","template":"","meta":{"footnotes":""},"class_list":["post-1200","page","type-page","status-publish","hentry"],"_links":{"self":[{"href":"https:\/\/lehners-barbian.de\/index.php?rest_route=\/wp\/v2\/pages\/1200","targetHints":{"allow":["GET"]}}],"collection":[{"href":"https:\/\/lehners-barbian.de\/index.php?rest_route=\/wp\/v2\/pages"}],"about":[{"href":"https:\/\/lehners-barbian.de\/index.php?rest_route=\/wp\/v2\/types\/page"}],"author":[{"embeddable":true,"href":"https:\/\/lehners-barbian.de\/index.php?rest_route=\/wp\/v2\/users\/7"}],"replies":[{"embeddable":true,"href":"https:\/\/lehners-barbian.de\/index.php?rest_route=%2Fwp%2Fv2%2Fcomments&post=1200"}],"version-history":[{"count":3,"href":"https:\/\/lehners-barbian.de\/index.php?rest_route=\/wp\/v2\/pages\/1200\/revisions"}],"predecessor-version":[{"id":1211,"href":"https:\/\/lehners-barbian.de\/index.php?rest_route=\/wp\/v2\/pages\/1200\/revisions\/1211"}],"wp:attachment":[{"href":"https:\/\/lehners-barbian.de\/index.php?rest_route=%2Fwp%2Fv2%2Fmedia&parent=1200"}],"curies":[{"name":"wp","href":"https:\/\/api.w.org\/{rel}","templated":true}]}}