{"id":100,"date":"2022-05-17T14:02:27","date_gmt":"2022-05-17T12:02:27","guid":{"rendered":"https:\/\/lehners-barbian.de\/?page_id=100"},"modified":"2022-10-20T14:51:36","modified_gmt":"2022-10-20T12:51:36","slug":"bestandsaufnahme-inkl-lp-1","status":"publish","type":"page","link":"https:\/\/lehners-barbian.de\/?page_id=100","title":{"rendered":"Bestandsaufnahme (inkl. LP 1)"},"content":{"rendered":"\n<div class=\"wp-block-columns is-layout-flex wp-container-core-columns-is-layout-28f84493 wp-block-columns-is-layout-flex\">\n<div class=\"wp-block-column is-layout-flow wp-block-column-is-layout-flow\" style=\"flex-basis:66.66%\">\n<h3 class=\"wp-block-heading\">Unsere Leistungen:<\/h3>\n\n\n\n<ul class=\"wp-block-list\"><li>Bestandsaufma\u00df zur digitalen Weiterverarbeitung<\/li><li>Erstellung von Bestandspl\u00e4nen ( CAD )<\/li><li>Material- und Schadenskartierung, farbige Planauswertung und fotographische Dokumentation (analog und digital)<\/li><li>Labortechnische Untersuchungen zur Diagnose von Baustoffen und Baustoffsch\u00e4den<\/li><li>Erstellung von Schadensgutachten mit Empfehlung f\u00fcr eine ggf. denkmalgerechte Restaurierung oder Sanierung<\/li><\/ul>\n\n\n\n<p><a href=\"https:\/\/lehners-barbian.de\/?page_id=98\">zur\u00fcck zur \u00dcbersicht<\/a><\/p>\n<\/div>\n\n\n\n<div class=\"wp-block-column is-layout-flow wp-block-column-is-layout-flow\" style=\"flex-basis:33.33%\">\n<figure class=\"wp-block-image size-large\"><img loading=\"lazy\" decoding=\"async\" width=\"1024\" height=\"771\" src=\"https:\/\/lehners-barbian.de\/wp-content\/uploads\/2022\/08\/entwurf-min-1024x771.jpg\" alt=\"\" class=\"wp-image-525\" srcset=\"https:\/\/lehners-barbian.de\/wp-content\/uploads\/2022\/08\/entwurf-min-1024x771.jpg 1024w, https:\/\/lehners-barbian.de\/wp-content\/uploads\/2022\/08\/entwurf-min-300x226.jpg 300w, https:\/\/lehners-barbian.de\/wp-content\/uploads\/2022\/08\/entwurf-min-768x579.jpg 768w, https:\/\/lehners-barbian.de\/wp-content\/uploads\/2022\/08\/entwurf-min-1536x1157.jpg 1536w, https:\/\/lehners-barbian.de\/wp-content\/uploads\/2022\/08\/entwurf-min-2048x1543.jpg 2048w, https:\/\/lehners-barbian.de\/wp-content\/uploads\/2022\/08\/entwurf-min-2000x1507.jpg 2000w\" sizes=\"auto, (max-width: 1024px) 100vw, 1024px\" \/><\/figure>\n<\/div>\n<\/div>\n","protected":false},"excerpt":{"rendered":"<p>Unsere Leistungen: Bestandsaufma\u00df zur digitalen Weiterverarbeitung Erstellung von Bestandspl\u00e4nen ( CAD ) Material- und Schadenskartierung, farbige Planauswertung und fotographische Dokumentation (analog und digital) Labortechnische Untersuchungen zur Diagnose von Baustoffen und Baustoffsch\u00e4den Erstellung von Schadensgutachten mit Empfehlung f\u00fcr eine ggf. denkmalgerechte Restaurierung oder Sanierung zur\u00fcck zur \u00dcbersicht<\/p>\n","protected":false},"author":2,"featured_media":0,"parent":0,"menu_order":0,"comment_status":"closed","ping_status":"closed","template":"","meta":{"footnotes":""},"class_list":["post-100","page","type-page","status-publish","hentry"],"_links":{"self":[{"href":"https:\/\/lehners-barbian.de\/index.php?rest_route=\/wp\/v2\/pages\/100","targetHints":{"allow":["GET"]}}],"collection":[{"href":"https:\/\/lehners-barbian.de\/index.php?rest_route=\/wp\/v2\/pages"}],"about":[{"href":"https:\/\/lehners-barbian.de\/index.php?rest_route=\/wp\/v2\/types\/page"}],"author":[{"embeddable":true,"href":"https:\/\/lehners-barbian.de\/index.php?rest_route=\/wp\/v2\/users\/2"}],"replies":[{"embeddable":true,"href":"https:\/\/lehners-barbian.de\/index.php?rest_route=%2Fwp%2Fv2%2Fcomments&post=100"}],"version-history":[{"count":3,"href":"https:\/\/lehners-barbian.de\/index.php?rest_route=\/wp\/v2\/pages\/100\/revisions"}],"predecessor-version":[{"id":847,"href":"https:\/\/lehners-barbian.de\/index.php?rest_route=\/wp\/v2\/pages\/100\/revisions\/847"}],"wp:attachment":[{"href":"https:\/\/lehners-barbian.de\/index.php?rest_route=%2Fwp%2Fv2%2Fmedia&parent=100"}],"curies":[{"name":"wp","href":"https:\/\/api.w.org\/{rel}","templated":true}]}}